{"id":3161,"date":"2019-08-27T17:39:36","date_gmt":"2019-08-27T17:39:36","guid":{"rendered":"http:\/\/raval.es\/elx\/?page_id=3161"},"modified":"2019-08-27T17:50:30","modified_gmt":"2019-08-27T17:50:30","slug":"equip-de-treball-2019","status":"publish","type":"page","link":"https:\/\/raval.es\/elx\/equip-de-treball-2019\/","title":{"rendered":"Equip de Treball 2019"},"content":{"rendered":"<div id=\"fb-root\"><\/div>\n\n<div class=\"wp-block-columns has-2-columns is-layout-flex wp-container-core-columns-is-layout-9d6595d7 wp-block-columns-is-layout-flex\">\n<div class=\"wp-block-column is-layout-flow wp-block-column-is-layout-flow\">\n<figure class=\"wp-block-image\"><img loading=\"lazy\" decoding=\"async\" width=\"1024\" height=\"768\" src=\"http:\/\/raval.es\/elx\/wp-content\/uploads\/2018\/11\/reunio.jpg\" alt=\"\" class=\"wp-image-2525\" srcset=\"https:\/\/raval.es\/elx\/wp-content\/uploads\/2018\/11\/reunio.jpg 1024w, https:\/\/raval.es\/elx\/wp-content\/uploads\/2018\/11\/reunio-300x225.jpg 300w, https:\/\/raval.es\/elx\/wp-content\/uploads\/2018\/11\/reunio-768x576.jpg 768w, https:\/\/raval.es\/elx\/wp-content\/uploads\/2018\/11\/reunio-510x382.jpg 510w\" sizes=\"auto, (max-width: 1024px) 100vw, 1024px\" \/><\/figure>\n<\/div>\n\n\n\n<div class=\"wp-block-column is-layout-flow wp-block-column-is-layout-flow\">\n<table class=\"wp-block-table aligncenter has-subtle-pale-pink-background-color has-background is-style-stripes\"><tbody><tr><td>PRESIDENTA<\/td><td>Reme Pomares<\/td><\/tr><tr><td>SECRETARI<\/td><td>Jos\u00e9 Corrales<\/td><\/tr><tr><td>TRESORER<\/td><td>Antoni Verd\u00fa<\/td><\/tr><tr><td>VOCAL MAJOR<\/td><td>Pepito Ant\u00f3n<\/td><\/tr><tr><td>VOCALS<\/td><td>Joaqu\u00edn L\u00f3pez<\/td><\/tr><tr><td><\/td><td>Tonia Baeza<\/td><\/tr><tr><td><\/td><td>Jordi Selva<\/td><\/tr><tr><td><\/td><td>Tano S\u00e1nchez<\/td><\/tr><tr><td>COL\u00b7LABORADORS<\/td><td>Mar\u00eda Casanova<\/td><\/tr><tr><td><\/td><td>Paqui Sempere<\/td><\/tr><tr><td><\/td><td>Maril\u00f3 Lozoya<\/td><\/tr><tr><td><\/td><td>Jos\u00e9 M\u00aa Juan<\/td><\/tr><tr><td><\/td><td>Vanesa Lozoya<\/td><\/tr><tr><td><\/td><td>Ana Trigueros<\/td><\/tr><\/tbody><\/table>\n<\/div>\n<\/div>\n","protected":false},"excerpt":{"rendered":"<p>PRESIDENTA Reme Pomares SECRETARI Jos\u00e9 Corrales TRESORER Antoni Verd\u00fa VOCAL MAJOR Pepito Ant\u00f3n VOCALS Joaqu\u00edn L\u00f3pez Tonia Baeza Jordi Selva Tano S\u00e1nchez COL\u00b7LABORADORS Mar\u00eda Casanova Paqui Sempere Maril\u00f3 Lozoya Jos\u00e9 M\u00aa Juan Vanesa Lozoya Ana Trigueros<\/p>\n","protected":false},"author":1,"featured_media":0,"parent":0,"menu_order":0,"comment_status":"closed","ping_status":"closed","template":"","meta":{"_et_pb_use_builder":"off","_et_pb_old_content":"","_et_gb_content_width":"","_joinchat":[],"footnotes":""},"class_list":["post-3161","page","type-page","status-publish","hentry"],"_links":{"self":[{"href":"https:\/\/raval.es\/elx\/wp-json\/wp\/v2\/pages\/3161","targetHints":{"allow":["GET"]}}],"collection":[{"href":"https:\/\/raval.es\/elx\/wp-json\/wp\/v2\/pages"}],"about":[{"href":"https:\/\/raval.es\/elx\/wp-json\/wp\/v2\/types\/page"}],"author":[{"embeddable":true,"href":"https:\/\/raval.es\/elx\/wp-json\/wp\/v2\/users\/1"}],"replies":[{"embeddable":true,"href":"https:\/\/raval.es\/elx\/wp-json\/wp\/v2\/comments?post=3161"}],"version-history":[{"count":3,"href":"https:\/\/raval.es\/elx\/wp-json\/wp\/v2\/pages\/3161\/revisions"}],"predecessor-version":[{"id":3168,"href":"https:\/\/raval.es\/elx\/wp-json\/wp\/v2\/pages\/3161\/revisions\/3168"}],"wp:attachment":[{"href":"https:\/\/raval.es\/elx\/wp-json\/wp\/v2\/media?parent=3161"}],"curies":[{"name":"wp","href":"https:\/\/api.w.org\/{rel}","templated":true}]}}

<div id="fb-root"></div>

<div class="wp-block-columns has-2-columns is-layout-flex wp-container-core-columns-is-layout-9d6595d7 wp-block-columns-is-layout-flex">
<div class="wp-block-column is-layout-flow wp-block-column-is-layout-flow">
<figure class="wp-block-image"><img loading="lazy" decoding="async" width="1024" height="768" src="http://raval.es/elx/wp-content/uploads/2018/11/reunio.jpg" alt="" class="wp-image-2525" srcset="https://raval.es/elx/wp-content/uploads/2018/11/reunio.jpg 1024w, https://raval.es/elx/wp-content/uploads/2018/11/reunio-300x225.jpg 300w, https://raval.es/elx/wp-content/uploads/2018/11/reunio-768x576.jpg 768w, https://raval.es/elx/wp-content/uploads/2018/11/reunio-510x382.jpg 510w" sizes="auto, (max-width: 1024px) 100vw, 1024px" /></figure>
</div>



<div class="wp-block-column is-layout-flow wp-block-column-is-layout-flow">
<table class="wp-block-table aligncenter has-subtle-pale-pink-background-color has-background is-style-stripes"><tbody><tr><td>PRESIDENTA</td><td>Reme Pomares</td></tr><tr><td>SECRETARI</td><td>José Corrales</td></tr><tr><td>TRESORER</td><td>Antoni Verdú</td></tr><tr><td>VOCAL MAJOR</td><td>Pepito Antón</td></tr><tr><td>VOCALS</td><td>Joaquín López</td></tr><tr><td></td><td>Tonia Baeza</td></tr><tr><td></td><td>Jordi Selva</td></tr><tr><td></td><td>Tano Sánchez</td></tr><tr><td>COL·LABORADORS</td><td>María Casanova</td></tr><tr><td></td><td>Paqui Sempere</td></tr><tr><td></td><td>Mariló Lozoya</td></tr><tr><td></td><td>José Mª Juan</td></tr><tr><td></td><td>Vanesa Lozoya</td></tr><tr><td></td><td>Ana Trigueros</td></tr></tbody></table>
</div>
</div>

<p>PRESIDENTA Reme Pomares SECRETARI José Corrales TRESORER Antoni Verdú VOCAL MAJOR Pepito Antón VOCALS Joaquín López Tonia Baeza Jordi Selva Tano Sánchez COL·LABORADORS María Casanova Paqui Sempere Mariló Lozoya José Mª Juan Vanesa Lozoya Ana Trigueros</p>
