{"id":1387,"date":"2025-07-22T14:07:11","date_gmt":"2025-07-22T14:07:11","guid":{"rendered":"https:\/\/raval.es\/historia\/?page_id=1387"},"modified":"2025-07-23T08:38:12","modified_gmt":"2025-07-23T08:38:12","slug":"colabora","status":"publish","type":"page","link":"https:\/\/raval.es\/historia\/colabora\/","title":{"rendered":"COLABORA"},"content":{"rendered":"<p><b><center>Si conoces historias, personajes, an\u00e9cdotas, fotos&#8230; del barrio que consideres de inter\u00e9s colabora con la Asociaci\u00f3n y m\u00e1ndanos tu informaci\u00f3n. Gracias vecino.<\/center><\/b><\/p>\n<hr>\n<p><center>CONTACTA AQUI<\/center><\/p>\n<h2><center>633 97 16 70<\/center><\/h2>\n<hr>\n<p><center><b>\u00abRaval Hist\u00f2ric\u00bb se ha creado con la colaboraci\u00f3n, aportaci\u00f3n y fuentes de:<\/p>\n<p>\u2022 Jaume Pascual<br \/>\n\u2022 \u00c1lvaro Garc\u00eda<br \/>\n\u2022 C\u00e1tedra Pedro Ibarra<br \/>\n\u2022 Archivo Municipal Elche<\/center><\/p>\n","protected":false},"excerpt":{"rendered":"<p>Si conoces historias, personajes, an\u00e9cdotas, fotos&#8230; del barrio que consideres de inter\u00e9s colabora con la Asociaci\u00f3n&hellip;<\/p>\n","protected":false},"author":1,"featured_media":444,"parent":0,"menu_order":0,"comment_status":"closed","ping_status":"closed","template":"","meta":{"footnotes":""},"class_list":["post-1387","page","type-page","status-publish","has-post-thumbnail","hentry"],"yoast_head":"<!-- This site is optimized with the Yoast SEO plugin v25.7 - https:\/\/yoast.com\/wordpress\/plugins\/seo\/ -->\n<title>COLABORA - Raval Hist\u00f2ric<\/title>\n<meta name=\"robots\" content=\"index, follow, max-snippet:-1, max-image-preview:large, max-video-preview:-1\" \/>\n<link rel=\"canonical\" href=\"https:\/\/raval.es\/historia\/colabora\/\" \/>\n<meta property=\"og:locale\" content=\"es_ES\" \/>\n<meta property=\"og:type\" content=\"article\" \/>\n<meta property=\"og:title\" content=\"COLABORA - Raval Hist\u00f2ric\" \/>\n<meta property=\"og:description\" content=\"Si conoces historias, personajes, an\u00e9cdotas, fotos&#8230; del barrio que consideres de inter\u00e9s colabora con la Asociaci\u00f3n&hellip;\" \/>\n<meta property=\"og:url\" content=\"https:\/\/raval.es\/historia\/colabora\/\" \/>\n<meta property=\"og:site_name\" content=\"Raval Hist\u00f2ric\" \/>\n<meta property=\"article:publisher\" content=\"https:\/\/www.facebook.com\/ravaldelx\/\" \/>\n<meta property=\"article:modified_time\" content=\"2025-07-23T08:38:12+00:00\" \/>\n<meta property=\"og:image\" content=\"https:\/\/raval.es\/historia\/wp-content\/uploads\/2024\/07\/IMG_20240705_135100.jpg\" \/>\n\t<meta property=\"og:image:width\" content=\"1080\" \/>\n\t<meta property=\"og:image:height\" content=\"453\" \/>\n\t<meta property=\"og:image:type\" content=\"image\/jpeg\" \/>\n<meta name=\"twitter:card\" content=\"summary_large_image\" \/>\n<script type=\"application\/ld+json\" class=\"yoast-schema-graph\">{\"@context\":\"https:\/\/schema.org\",\"@graph\":[{\"@type\":\"WebPage\",\"@id\":\"https:\/\/raval.es\/historia\/colabora\/\",\"url\":\"https:\/\/raval.es\/historia\/colabora\/\",\"name\":\"COLABORA - Raval Hist\u00f2ric\",\"isPartOf\":{\"@id\":\"https:\/\/raval.es\/historia\/#website\"},\"primaryImageOfPage\":{\"@id\":\"https:\/\/raval.es\/historia\/colabora\/#primaryimage\"},\"image\":{\"@id\":\"https:\/\/raval.es\/historia\/colabora\/#primaryimage\"},\"thumbnailUrl\":\"https:\/\/raval.es\/historia\/wp-content\/uploads\/2024\/07\/IMG_20240705_135100.jpg\",\"datePublished\":\"2025-07-22T14:07:11+00:00\",\"dateModified\":\"2025-07-23T08:38:12+00:00\",\"breadcrumb\":{\"@id\":\"https:\/\/raval.es\/historia\/colabora\/#breadcrumb\"},\"inLanguage\":\"es\",\"potentialAction\":[{\"@type\":\"ReadAction\",\"target\":[\"https:\/\/raval.es\/historia\/colabora\/\"]}]},{\"@type\":\"ImageObject\",\"inLanguage\":\"es\",\"@id\":\"https:\/\/raval.es\/historia\/colabora\/#primaryimage\",\"url\":\"https:\/\/raval.es\/historia\/wp-content\/uploads\/2024\/07\/IMG_20240705_135100.jpg\",\"contentUrl\":\"https:\/\/raval.es\/historia\/wp-content\/uploads\/2024\/07\/IMG_20240705_135100.jpg\",\"width\":1080,\"height\":453},{\"@type\":\"BreadcrumbList\",\"@id\":\"https:\/\/raval.es\/historia\/colabora\/#breadcrumb\",\"itemListElement\":[{\"@type\":\"ListItem\",\"position\":1,\"name\":\"Portada\",\"item\":\"https:\/\/raval.es\/historia\/\"},{\"@type\":\"ListItem\",\"position\":2,\"name\":\"COLABORA\"}]},{\"@type\":\"WebSite\",\"@id\":\"https:\/\/raval.es\/historia\/#website\",\"url\":\"https:\/\/raval.es\/historia\/\",\"name\":\"Raval Hist\u00f2ric\",\"description\":\"Un poble dins un poble\",\"publisher\":{\"@id\":\"https:\/\/raval.es\/historia\/#organization\"},\"potentialAction\":[{\"@type\":\"SearchAction\",\"target\":{\"@type\":\"EntryPoint\",\"urlTemplate\":\"https:\/\/raval.es\/historia\/?s={search_term_string}\"},\"query-input\":{\"@type\":\"PropertyValueSpecification\",\"valueRequired\":true,\"valueName\":\"search_term_string\"}}],\"inLanguage\":\"es\"},{\"@type\":\"Organization\",\"@id\":\"https:\/\/raval.es\/historia\/#organization\",\"name\":\"AV Raval\",\"alternateName\":\"Raval Hist\u00f2ric\",\"url\":\"https:\/\/raval.es\/historia\/\",\"logo\":{\"@type\":\"ImageObject\",\"inLanguage\":\"es\",\"@id\":\"https:\/\/raval.es\/historia\/#\/schema\/logo\/image\/\",\"url\":\"https:\/\/raval.es\/historia\/wp-content\/uploads\/2024\/12\/IMG_20241220_122838.jpg\",\"contentUrl\":\"https:\/\/raval.es\/historia\/wp-content\/uploads\/2024\/12\/IMG_20241220_122838.jpg\",\"width\":650,\"height\":318,\"caption\":\"AV Raval\"},\"image\":{\"@id\":\"https:\/\/raval.es\/historia\/#\/schema\/logo\/image\/\"},\"sameAs\":[\"https:\/\/www.facebook.com\/ravaldelx\/\",\"https:\/\/www.instagram.com\/avvraval.elx\/\"]}]}<\/script>\n<!-- \/ Yoast SEO plugin. -->","yoast_head_json":{"title":"COLABORA - Raval Hist\u00f2ric","robots":{"index":"index","follow":"follow","max-snippet":"max-snippet:-1","max-image-preview":"max-image-preview:large","max-video-preview":"max-video-preview:-1"},"canonical":"https:\/\/raval.es\/historia\/colabora\/","og_locale":"es_ES","og_type":"article","og_title":"COLABORA - Raval Hist\u00f2ric","og_description":"Si conoces historias, personajes, an\u00e9cdotas, fotos&#8230; del barrio que consideres de inter\u00e9s colabora con la Asociaci\u00f3n&hellip;","og_url":"https:\/\/raval.es\/historia\/colabora\/","og_site_name":"Raval Hist\u00f2ric","article_publisher":"https:\/\/www.facebook.com\/ravaldelx\/","article_modified_time":"2025-07-23T08:38:12+00:00","og_image":[{"width":1080,"height":453,"url":"https:\/\/raval.es\/historia\/wp-content\/uploads\/2024\/07\/IMG_20240705_135100.jpg","type":"image\/jpeg"}],"twitter_card":"summary_large_image","schema":{"@context":"https:\/\/schema.org","@graph":[{"@type":"WebPage","@id":"https:\/\/raval.es\/historia\/colabora\/","url":"https:\/\/raval.es\/historia\/colabora\/","name":"COLABORA - Raval Hist\u00f2ric","isPartOf":{"@id":"https:\/\/raval.es\/historia\/#website"},"primaryImageOfPage":{"@id":"https:\/\/raval.es\/historia\/colabora\/#primaryimage"},"image":{"@id":"https:\/\/raval.es\/historia\/colabora\/#primaryimage"},"thumbnailUrl":"https:\/\/raval.es\/historia\/wp-content\/uploads\/2024\/07\/IMG_20240705_135100.jpg","datePublished":"2025-07-22T14:07:11+00:00","dateModified":"2025-07-23T08:38:12+00:00","breadcrumb":{"@id":"https:\/\/raval.es\/historia\/colabora\/#breadcrumb"},"inLanguage":"es","potentialAction":[{"@type":"ReadAction","target":["https:\/\/raval.es\/historia\/colabora\/"]}]},{"@type":"ImageObject","inLanguage":"es","@id":"https:\/\/raval.es\/historia\/colabora\/#primaryimage","url":"https:\/\/raval.es\/historia\/wp-content\/uploads\/2024\/07\/IMG_20240705_135100.jpg","contentUrl":"https:\/\/raval.es\/historia\/wp-content\/uploads\/2024\/07\/IMG_20240705_135100.jpg","width":1080,"height":453},{"@type":"BreadcrumbList","@id":"https:\/\/raval.es\/historia\/colabora\/#breadcrumb","itemListElement":[{"@type":"ListItem","position":1,"name":"Portada","item":"https:\/\/raval.es\/historia\/"},{"@type":"ListItem","position":2,"name":"COLABORA"}]},{"@type":"WebSite","@id":"https:\/\/raval.es\/historia\/#website","url":"https:\/\/raval.es\/historia\/","name":"Raval Hist\u00f2ric","description":"Un poble dins un poble","publisher":{"@id":"https:\/\/raval.es\/historia\/#organization"},"potentialAction":[{"@type":"SearchAction","target":{"@type":"EntryPoint","urlTemplate":"https:\/\/raval.es\/historia\/?s={search_term_string}"},"query-input":{"@type":"PropertyValueSpecification","valueRequired":true,"valueName":"search_term_string"}}],"inLanguage":"es"},{"@type":"Organization","@id":"https:\/\/raval.es\/historia\/#organization","name":"AV Raval","alternateName":"Raval Hist\u00f2ric","url":"https:\/\/raval.es\/historia\/","logo":{"@type":"ImageObject","inLanguage":"es","@id":"https:\/\/raval.es\/historia\/#\/schema\/logo\/image\/","url":"https:\/\/raval.es\/historia\/wp-content\/uploads\/2024\/12\/IMG_20241220_122838.jpg","contentUrl":"https:\/\/raval.es\/historia\/wp-content\/uploads\/2024\/12\/IMG_20241220_122838.jpg","width":650,"height":318,"caption":"AV Raval"},"image":{"@id":"https:\/\/raval.es\/historia\/#\/schema\/logo\/image\/"},"sameAs":["https:\/\/www.facebook.com\/ravaldelx\/","https:\/\/www.instagram.com\/avvraval.elx\/"]}]}},"_links":{"self":[{"href":"https:\/\/raval.es\/historia\/wp-json\/wp\/v2\/pages\/1387","targetHints":{"allow":["GET"]}}],"collection":[{"href":"https:\/\/raval.es\/historia\/wp-json\/wp\/v2\/pages"}],"about":[{"href":"https:\/\/raval.es\/historia\/wp-json\/wp\/v2\/types\/page"}],"author":[{"embeddable":true,"href":"https:\/\/raval.es\/historia\/wp-json\/wp\/v2\/users\/1"}],"replies":[{"embeddable":true,"href":"https:\/\/raval.es\/historia\/wp-json\/wp\/v2\/comments?post=1387"}],"version-history":[{"count":15,"href":"https:\/\/raval.es\/historia\/wp-json\/wp\/v2\/pages\/1387\/revisions"}],"predecessor-version":[{"id":1444,"href":"https:\/\/raval.es\/historia\/wp-json\/wp\/v2\/pages\/1387\/revisions\/1444"}],"wp:featuredmedia":[{"embeddable":true,"href":"https:\/\/raval.es\/historia\/wp-json\/wp\/v2\/media\/444"}],"wp:attachment":[{"href":"https:\/\/raval.es\/historia\/wp-json\/wp\/v2\/media?parent=1387"}],"curies":[{"name":"wp","href":"https:\/\/api.w.org\/{rel}","templated":true}]}}

<p><b><center>Si conoces historias, personajes, anécdotas, fotos&#8230; del barrio que consideres de interés colabora con la Asociación y mándanos tu información. Gracias vecino.</center></b></p>
<hr>
<p><center>CONTACTA AQUI</center></p>
<h2><center>633 97 16 70</center></h2>
<hr>
<p><center><b>«Raval Històric» se ha creado con la colaboración, aportación y fuentes de:</p>
<p>• Jaume Pascual<br />
• Álvaro García<br />
• Cátedra Pedro Ibarra<br />
• Archivo Municipal Elche</center></p>

<p>Si conoces historias, personajes, anécdotas, fotos&#8230; del barrio que consideres de interés colabora con la Asociación&hellip;</p>

<!-- This site is optimized with the Yoast SEO plugin v25.7 - https://yoast.com/wordpress/plugins/seo/ -->
<title>COLABORA - Raval Històric</title>
<meta name="robots" content="index, follow, max-snippet:-1, max-image-preview:large, max-video-preview:-1" />
<link rel="canonical" href="https://raval.es/historia/colabora/" />
<meta property="og:locale" content="es_ES" />
<meta property="og:type" content="article" />
<meta property="og:title" content="COLABORA - Raval Històric" />
<meta property="og:description" content="Si conoces historias, personajes, anécdotas, fotos&#8230; del barrio que consideres de interés colabora con la Asociación&hellip;" />
<meta property="og:url" content="https://raval.es/historia/colabora/" />
<meta property="og:site_name" content="Raval Històric" />
<meta property="article:publisher" content="https://www.facebook.com/ravaldelx/" />
<meta property="article:modified_time" content="2025-07-23T08:38:12+00:00" />
<meta property="og:image" content="https://raval.es/historia/wp-content/uploads/2024/07/IMG_20240705_135100.jpg" />
	<meta property="og:image:width" content="1080" />
	<meta property="og:image:height" content="453" />
	<meta property="og:image:type" content="image/jpeg" />
<meta name="twitter:card" content="summary_large_image" />
<script type="application/ld+json" class="yoast-schema-graph">{"@context":"https://schema.org","@graph":[{"@type":"WebPage","@id":"https://raval.es/historia/colabora/","url":"https://raval.es/historia/colabora/","name":"COLABORA - Raval Històric","isPartOf":{"@id":"https://raval.es/historia/#website"},"primaryImageOfPage":{"@id":"https://raval.es/historia/colabora/#primaryimage"},"image":{"@id":"https://raval.es/historia/colabora/#primaryimage"},"thumbnailUrl":"https://raval.es/historia/wp-content/uploads/2024/07/IMG_20240705_135100.jpg","datePublished":"2025-07-22T14:07:11+00:00","dateModified":"2025-07-23T08:38:12+00:00","breadcrumb":{"@id":"https://raval.es/historia/colabora/#breadcrumb"},"inLanguage":"es","potentialAction":[{"@type":"ReadAction","target":["https://raval.es/historia/colabora/"]}]},{"@type":"ImageObject","inLanguage":"es","@id":"https://raval.es/historia/colabora/#primaryimage","url":"https://raval.es/historia/wp-content/uploads/2024/07/IMG_20240705_135100.jpg","contentUrl":"https://raval.es/historia/wp-content/uploads/2024/07/IMG_20240705_135100.jpg","width":1080,"height":453},{"@type":"BreadcrumbList","@id":"https://raval.es/historia/colabora/#breadcrumb","itemListElement":[{"@type":"ListItem","position":1,"name":"Portada","item":"https://raval.es/historia/"},{"@type":"ListItem","position":2,"name":"COLABORA"}]},{"@type":"WebSite","@id":"https://raval.es/historia/#website","url":"https://raval.es/historia/","name":"Raval Històric","description":"Un poble dins un poble","publisher":{"@id":"https://raval.es/historia/#organization"},"potentialAction":[{"@type":"SearchAction","target":{"@type":"EntryPoint","urlTemplate":"https://raval.es/historia/?s={search_term_string}"},"query-input":{"@type":"PropertyValueSpecification","valueRequired":true,"valueName":"search_term_string"}}],"inLanguage":"es"},{"@type":"Organization","@id":"https://raval.es/historia/#organization","name":"AV Raval","alternateName":"Raval Històric","url":"https://raval.es/historia/","logo":{"@type":"ImageObject","inLanguage":"es","@id":"https://raval.es/historia/#/schema/logo/image/","url":"https://raval.es/historia/wp-content/uploads/2024/12/IMG_20241220_122838.jpg","contentUrl":"https://raval.es/historia/wp-content/uploads/2024/12/IMG_20241220_122838.jpg","width":650,"height":318,"caption":"AV Raval"},"image":{"@id":"https://raval.es/historia/#/schema/logo/image/"},"sameAs":["https://www.facebook.com/ravaldelx/","https://www.instagram.com/avvraval.elx/"]}]}</script>
<!-- / Yoast SEO plugin. -->

COLABORA - Raval Històric

Si conoces historias, personajes, anécdotas, fotos&#8230; del barrio que consideres de interés colabora con la Asociación&hellip;

Raval Històric
